7957?
3, 13, 14563
List the prime factors of 23993381.
2347, 10223
List the prime factors of 1198566.
2, 3, 66587
What are the prime factors of 674047?
11, 29, 2113
What are the prime factors of 1277089?
11, 116099
What are the prime factors of 5691152?
2, 355697
List the prime factors of 5669403.
3, 1889801
What are the prime factors of 804981?
3, 151, 1777
What are the prime factors of 3451558?
2, 11, 151, 1039
What are the prime factors of 5932017?
3, 7, 13, 7243
List the prime factors of 10143178.
2, 5071589
What are the prime factors of 12521457?
3, 13, 107021
What are the prime factors of 31018092?
2, 3, 7, 369263
What are the prime factors of 159534?
2, 3, 8863
List the prime factors of 1661507.
31, 53597
What are the prime factors of 94050?
2, 3, 5, 11, 19
What are the prime factors of 646847?
173, 3739
List the prime factors of 5656876.
2, 107, 13217
What are the prime factors of 6195543?
3, 2065181
What are the prime factors of 3774868?
2, 167, 5651
What are the prime factors of 438931?
37, 11863
What are the prime factors of 204339?
3, 68113
What are the prime factors of 5499284?
2, 7, 19, 10337
List the prime factors of 201785.
5, 40357
What are the prime factors of 23756870?
2, 5, 2375687
List the prime factors of 17219556.
2, 3, 478321
List the prime factors of 37948.
2, 53, 179
What are the prime factors of 4885011?
3, 31, 17509
List the prime factors of 9698587.
107, 90641
List the prime factors of 227746.
2, 23, 4951
List the prime factors of 3126150.
2, 3, 5, 6947
List the prime factors of 12646945.
5, 43, 59, 997
What are the prime factors of 56758?
2, 13, 37, 59
What are the prime factors of 2456991?
3, 272999
List the prime factors of 101030.
2, 5, 10103
List the prime factors of 547975.
5, 23, 953
List the prime factors of 3201061.
83, 38567
List the prime factors of 666829.
666829
What are the prime factors of 208167?
3, 69389
List the prime factors of 192776.
2, 24097
List the prime factors of 574092.
2, 3, 37, 431
What are the prime factors of 4238634?
2, 3, 19, 37181
List the prime factors of 43299.
3, 17, 283
List the prime factors of 2111387.
2111387
What are the prime factors of 2561407?
17, 8863
List the prime factors of 713194.
2, 191, 1867
What are the prime factors of 2932903?
2932903
List the prime factors of 4968763.
4968763
List the prime factors of 20290782.
2, 3, 577, 5861
List the prime factors of 1285585.
5, 7, 23, 1597
List the prime factors of 685513.
685513
What are the prime factors of 158162?
2, 31, 2551
List the prime factors of 144062.
2, 72031
What are the prime factors of 1367223?
3, 11, 13, 3187
List the prime factors of 4922685.
3, 5, 139, 787
What are the prime factors of 1150786?
2, 7, 13, 6323
What are the prime factors of 2287051?
13, 23, 7649
What are the prime factors of 565026?
2, 3, 7, 11, 1223
List the prime factors of 226468.
2, 11, 5147
List the prime factors of 1618970.
2, 5, 23, 7039
List the prime factors of 444240.
2, 3, 5, 617
List the prime factors of 242399.
242399
List the prime factors of 3442515.
3, 5, 19, 47, 257
What are the prime factors of 20929311?
3, 13, 41, 4363
List the prime factors of 117443.
117443
What are the prime factors of 243776?
2, 13, 293
What are the prime factors of 883310?
2, 5, 19, 4649
What are the prime factors of 526685?
5, 105337
List the prime factors of 1329670.
2, 5, 132967
List the prime factors of 15930.
2, 3, 5, 59
List the prime factors of 4683913.
13, 571, 631
What are the prime factors of 3238071?
3, 1079357
List the prime factors of 454173.
3, 151391
List the prime factors of 126146.
2, 63073
What are the prime factors of 956523?
3, 318841
What are the prime factors of 777588?
2, 3, 7, 9257
List the prime factors of 1761506.
2, 17, 103, 503
What are the prime factors of 15184214?
2, 7592107
What are the prime factors of 10315678?
2, 59, 87421
What are the prime factors of 1228050?
2, 3, 5, 2729
List the prime factors of 153328.
2, 7, 37
What are the prime factors of 310339?
23, 103, 131
What are the prime factors of 6025984?
2, 23539
What are the prime factors of 6208769?
7, 886967
List the prime factors of 264151.
31, 8521
List the prime factors of 622960.
2, 5, 13, 599
What are the prime factors of 172308?
2, 3, 83, 173
List the prime factors of 29970.
2, 3, 5, 37
What are the prime factors of 1146362?
2, 7, 81883
List the prime factors of 15579842.
2, 47, 107, 1549
List the prime factors of 98978.
2, 11, 409
What are the prime factors of 2086306?
2, 131, 7963
What are the prime factors of 14552807?
1009, 14423
List the prime factors of 11730174.
2, 3, 149, 13121
What are the prime factors of 1533909?
3, 13, 37, 1063
List the prime factors of 8983496.
2, 1122937
What are the prime factors of 1503299?
7, 19, 89, 127
What are the prime factors of 3222784?
2, 12589
List the prime factors of 238637.
7, 73, 467
List the prime factors of 10845.
3, 5, 241
List the prime factors of 1457611.
47, 31013
What are the prime factors of 717501?
3, 239167
List the prime factors of 417134.
2, 41, 5087
List the prime factors of 150756.
2, 3, 17, 739
List the prime factors of 692906.
2, 346453
What are the prime factors of 17796691?
11, 29, 47, 1187
What are the prime factors of 97471?
11, 8861
List the prime factors of 1217291.
241, 5051
List the prime factors of 3169074.
2, 3, 271, 1949
List the prime factors of 13220852.
2, 503, 6571
List the prime factors of 2004176.
2, 125261
What are the prime factors of 2590236?
2, 3, 11, 31, 211
What are the prime factors of 207011?
7, 29573
List the prime factors of 23662409.
23662409
What are the prime factors of 314337?
3, 104779
List the prime factors of 496042.
2, 248021
What are the prime factors of 4428690?
2, 3, 5, 7, 21089
What are the prime factors of 1935038?
2, 7, 89, 1553
What are the prime factors of 602217?
3, 7, 11, 79
List the prime factors of 143954.
2, 167, 431
What are the prime factors of 1023162?
2, 3, 7, 17, 1433
List the prime factors of 187154.
2, 11, 47, 181
List the prime factors of 177353.
11, 23, 701
What are the prime factors of 4123405?
5, 11, 13, 73, 79
What are the prime factors of 129968?
2, 8123
List the prime factors of 4661592.
2, 3, 13, 67, 223
List the prime factors of 282531.
3, 41, 2297
List the prime factors of 359153.
359153
List the prime factors of 1908859.
953, 2003
List the prime factors of 4752434.
2, 251, 9467
What are the prime factors of 1420794?
2, 3, 83, 317
List the prime factors of 1687001.
1279, 1319
List the prime factors of 17910533.
2857, 6269
What are the prime factors of 75359?
179, 421
List the prime factors of 335362.
2, 73, 2297
List the prime factors of 1021989.
3, 17, 29, 691
List the prime factors of 1386478.
2, 163, 4253
What are the prime factors of 2068012?
2, 517003
List the prime factors of 1015428.
2, 3, 37, 2287
What are the prime factors of 311692?
2, 29, 2687
List the prime factors of 331390.
2, 5, 31, 1069
List the prime factors of 1401422.
2, 11, 5791
What are the prime factors of 110855?
5, 22171
What are the prime factors of 14774550?
2, 3, 5, 7, 14071
List the prime factors of 89754.
2, 3, 7, 2137
What are the prime factors of 293720?
2, 5, 7, 1049
List the prime factors of 300788.
2, 29, 2593
List the prime factors of 96159.
3, 7, 19, 241
List the prime factors of 1474397.
1474397
List the prime factors of 550658.
2, 19, 43, 337
List the prime factors of 1424032.
2, 44501
List the prime factors of 476887.
476887
What are the prime factors of 778556?
2, 151, 1289
What are the prime factors of 1001397?
3, 23, 631
What are the prime factors of 141100?
2, 5, 17, 83
List the prime factors of 8344953.
3, 29, 31973
List the prime factors of 9372343.
9372343
List the prime factors of 309119.
47, 6577
What are the prime factors of 134914?
2, 13, 5189
What are the prime factors of 6515486?
2, 23, 139, 1019
What are the prime factors of 33164954?
2, 43, 385639
List the prime factors of 5719372.
2, 1429843
What are the prime factors of 1268382?
2, 3, 59, 3583
What are the prime factors of 1508540?
2, 5, 11, 6857
What are the prime factors of 6382161?
3, 317, 2237
List the prime factors of 6533501.
13, 149, 3373
What are the prime factors of 550235?
5, 7, 79, 199
List the prime factors of 5018739.
3, 11, 152083
List the prime factors of 19